s 542 divide 21172328?
False
Is 13855968 a multiple of 1264?
True
Is 4 a factor of 2144868?
True
Does 5 divide 144902830?
True
Is 1184570586 a multiple of 603?
True
Is 29223252 a multiple of 33?
False
Is 107978274 a multiple of 18?
True
Is 1206 a factor of 86278515?
False
Does 39 divide 294520941?
True
Is 510994580 a multiple of 926?
True
Is 17 a factor of 155871844?
True
Is 108337220 a multiple of 4?
True
Is 3511 a factor of 4987926727?
True
Is 297070928 a multiple of 37?
True
Is 20 a factor of 31078360?
True
Is 109462895 a multiple of 95?
True
Does 42 divide 202414212?
True
Is 6734455 a multiple of 252?
False
Is 33 a factor of 3062367066?
True
Is 682 a factor of 1523710078?
True
Is 276 a factor of 1677528?
True
Is 12 a factor of 484673956?
False
Is 445461625 a multiple of 5?
True
Is 138189478 a multiple of 367?
False
Does 9 divide 20417679?
True
Does 21 divide 1210174514?
False
Does 364 divide 1560718432?
True
Is 65961768 a multiple of 323?
True
Is 8 a factor of 1694806456?
True
Is 266 a factor of 2712396946?
True
Is 76 a factor of 24709348?
True
Is 1070 a factor of 7796632?
False
Is 123 a factor of 730002048?
True
Is 109 a factor of 938707679?
False
Is 40 a factor of 113469280?
True
Is 27690017 a multiple of 2591?
True
Is 2261950060 a multiple of 12?
False
Is 2 a factor of 42763646?
True
Is 67 a factor of 102833342?
True
Is 9208368 a multiple of 78?
True
Does 894 divide 31581812?
False
Is 160 a factor of 497818880?
True
Is 43 a factor of 709932838?
True
Is 40 a factor of 2016872240?
True
Is 497297184 a multiple of 5294?
True
Is 1168134775 a multiple of 1075?
True
Does 4 divide 6021273?
False
Is 2778 a factor of 1121984196?
True
Does 526 divide 36820?
True
Is 127 a factor of 259989320?
True
Does 5 divide 168501825?
True
Is 1276 a factor of 1192177687?
False
Does 2590 divide 70410967?
False
Is 22 a factor of 13067590?
False
Is 38 a factor of 147798775?
False
Is 55847988 a multiple of 42?
True
Does 2780 divide 395307660?
True
Does 158 divide 13789950?
False
Does 360 divide 27750600?
True
Is 4682 a factor of 70801204?
True
Is 435 a factor of 6050415?
True
Is 83755771 a multiple of 11?
True
Is 32 a factor of 29936969?
False
Is 275790346 a multiple of 5743?
True
Is 509403771 a multiple of 79?
True
Is 41 a factor of 191471476?
True
Is 93635316 a multiple of 36?
True
Does 41 divide 35754075?
False
Does 132 divide 37641252?
True
Is 23349670 a multiple of 431?
False
Is 458 a factor of 10360418?
True
Is 320608158 a multiple of 26?
True
Does 9268 divide 2656866828?
True
Does 3003 divide 673987490?
False
Is 873534361 a multiple of 2010?
False
Is 88462927 a multiple of 23?
False
Is 39917631 a multiple of 169?
True
Is 169116306 a multiple of 1389?
True
Does 42 divide 176466486?
True
Does 33 divide 16441077?
False
Does 669 divide 74758520?
False
Is 1311 a factor of 217195574?
False
Does 364 divide 15648713?
False
Is 2816314 a multiple of 2?
True
Does 236 divide 11731733?
False
Is 28139178 a multiple of 366?
True
Is 983998819 a multiple of 13?
False
Is 826 a factor of 207217344?
False
Is 3486231009 a multiple of 154?
False
Does 4 divide 5625244?
True
Is 336 a factor of 28336896?
True
Is 417 a factor of 26610495?
False
Does 4 divide 323984316?
True
Does 2624 divide 330387097?
False
Does 14 divide 1854294610?
True
Does 519 divide 17579049?
True
Does 243 divide 209444?
False
Is 481 a factor of 287666657?
False
Is 5818759 a multiple of 127?
True
Is 3705978 a multiple of 18?
False
Is 869 a factor of 5122378?
False
Is 617 a factor of 4146511?
False
Is 14 a factor of 5792328?
False
Is 256710472 a multiple of 6?
False
Is 3608280 a multiple of 60?
True
Is 2473 a factor of 130345502?
False
Is 9 a factor of 4262448960?
True
Is 24 a factor of 114319621?
False
Is 5681 a factor of 3949675322?
False
Is 101 a factor of 1920095605?
False
Is 2604 a factor of 971088888?
True
Is 60 a factor of 42050793?
False
Does 12 divide 47547280?
False
Is 12209512 a multiple of 2104?
True
Is 686118540 a multiple of 1571?
True
Does 153 divide 191757807?
True
Is 4295 a factor of 411850191?
False
Is 4 a factor of 600744310?
False
Is 70504776 a multiple of 2196?
True
Is 6 a factor of 42550956?
True
Does 42 divide 400283646?
True
Is 56490795 a multiple of 1505?
False
Is 3 a factor of 10687710?
True
Is 82344277 a multiple of 21?
False
Is 3349290 a multiple of 35?
True
Is 671 a factor of 4155378?
False
Is 15 a factor of 68064345?
True
Does 23 divide 2862048?
False
Is 1934 a factor of 35456022?
True
Is 3659898382 a multiple of 1413?
False
Is 13 a factor of 65824469?
False
Is 844262661 a multiple of 327?
True
Is 2447 a factor of 14804350?
True
Does 216 divide 36400007?
False
Does 50 divide 760989997?
False
Is 618 a factor of 838654809?
False
Does 81 divide 2818932774?
False
Is 741122 a multiple of 366?
False
Is 6887 a factor of 430478822?
True
Is 50 a factor of 316120182?
False
Does 8305 divide 1237370255?
True
Is 27 a factor of 13162287?
False
Is 323649021 a multiple of 31?
True
Does 4284 divide 1048119156?
True
Does 488 divide 48349576?
True
Is 4 a factor of 521431675?
False
Is 164808224 a multiple of 14?
True
Is 9507283 a multiple of 30?
False
Does 4 divide 2295150?
False
Is 585 a factor of 26449020?
True
Does 364 divide 27299?
False
Does 53 divide 41571525?
False
Is 1882421823 a multiple of 1473?
True
Is 2014 a factor of 120739300?
True
Does 5 divide 5557519?
False
Is 5234 a factor of 417017781?
False
Is 10589809 a multiple of 44?
False
Is 56522960 a multiple of 556?
True
Is 9 a factor of 686262435?
False
Does 102 divide 343133814?
True
Is 431455306 a multiple of 542?
True
Is 13640081 a multiple of 13?
True
Is 46283583 a multiple of 8?
False
Does 3622 divide 67895748?
False
Does 10 divide 1419805583?
False
Does 121 divide 686766113?
True
Does 55 divide 4476420?
False
Is 297 a factor of 105949610?
False
Is 848 a factor of 150401280?
True
Does 21 divide 249613339?
False
Is 5 a factor of 26108560?
True
Is 15545477 a multiple of 589?
True
Is 414 a factor of 1261902123?
False
Is 1735 a factor of 352845215?
True
Is 8 a factor of 50009802?
False
Is 594486 a multiple of 2?
True
Does 1950 divide 62390250?
True
Does 41 divide 37170017?
False
Is 6180588 a multiple of 12?
True
Does 348 divide 267376711?
False
Is 1562 a factor of 1539147230?
False
Is 181717 a multiple of 46?
False
Is 197 a factor of 484270916?
True
Is 22 a factor of 296323?
False
Is 12 a factor of 15212092?
False
Does 849 divide 51497793?
True
Does 6754 divide 4213610112?
False
Does 369 divide 673154892?
True
Does 39 divide 103499838?
True
Does 155 divide 6331817?
False
Is 282 a factor of 317763240?
True
Is 13 a factor of 533605670?
True
Is 1012 a factor of 135200164?
True
Does 867 divide 21742057?
False
Is 431986331 a multiple of 3?
False
Is 1000024 a multiple of 4?
True
Is 605 a factor of 12136905?
True
Is 453383586 a multiple of 114?
True
Is 31511789 a multiple of 235?
False
Is 327167589 a multiple of 18?
False
Does 13 divide 863150821?
True
Does 63 divide 367970108?
False
Is 257 a factor of 1649683?
True
Is 24 a factor of 15074232?
True
Does 46 divide 3043894612?
True
Does 16 divide 1114398240?
True
Is 833706645 a multiple of 16?
False
Is 107469746 a multiple of 31?
True
Is 21 a factor of 53120928?
True
Is 239 a factor of 9042630?
False
Is 15 a factor of 655791209?
False
Is 17669191 a multiple of 104?
False
Is 3 a factor of 17436?
True
Does 270 divide 54956880?
True
Does 2933 divide 34594183?
False
Is 47013022 a multiple of 146?
True
Is 335 a factor of 202623857?
False
Does 16 divide 525045232?
True
Does 255 divide 48328831?
False
Is 31 a factor of 640181?
True
Does 6339 divide 1867702282?
False
Is 6870 a factor of 278556902?
False
Is 1862 a factor of 45544520?
True
Does 2 divide 9225617?
False
Is 819493893 a multiple of 426?
False
Is 132 a factor of 380203408?
False
Is 120115389 a multiple of 69?
False
Is 36 a factor of 299895552?
True
Is 66117883 a multiple of 83?
True
Is 529 a factor of 31960625?
False
Is 264680206 a multiple of 184?
False
Does 16 divide 965213?
False
Is 411822433 a multiple of 7?
False
Is 87058309 a multiple of 777?
False
Is 5576 a factor of 172495076?
False
Is 82159307 a multiple of 854?
False
Does 835 divide 217539520?
False
Is 29 a factor of 129845963?
True
Is 14740433 a multiple of 103?
True
Does 8 divide 2